thousands digit of 2323?
2
What is the tens digit of 560?
6
What is the tens digit of 25999?
9
What is the thousands digit of 21354?
1
What is the thousands digit of 9024?
9
What is the thousands digit of 4635?
4
What is the units digit of 10073?
3
What is the hundreds digit of 538?
5
What is the tens digit of 1348?
4
What is the hundreds digit of 3919?
9
What is the tens digit of 404?
0
What is the units digit of 104697?
7
What is the hundreds digit of 1743?
7
What is the tens digit of 3316?
1
What is the hundreds digit of 2352?
3
What is the units digit of 31280?
0
What is the tens digit of 5625?
2
What is the units digit of 2726?
6
What is the tens digit of 2990?
9
What is the tens digit of 6137?
3
What is the tens digit of 2879?
7
What is the hundreds digit of 5772?
7
What is the thousands digit of 8285?
8
What is the tens digit of 107?
0
What is the units digit of 25858?
8
What is the units digit of 917?
7
What is the thousands digit of 17312?
7
What is the tens digit of 3942?
4
What is the units digit of 1634?
4
What is the units digit of 33?
3
What is the units digit of 18870?
0
What is the units digit of 457?
7
What is the units digit of 1002?
2
What is the hundreds digit of 59086?
0
What is the units digit of 218?
8
What is the units digit of 31472?
2
What is the hundreds digit of 71184?
1
What is the hundreds digit of 761?
7
What is the hundreds digit of 20643?
6
What is the hundreds digit of 723?
7
What is the hundreds digit of 2061?
0
What is the tens digit of 8355?
5
What is the ten thousands digit of 16651?
1
What is the tens digit of 60495?
9
What is the thousands digit of 7300?
7
What is the units digit of 543?
3
What is the ten thousands digit of 51427?
5
What is the hundreds digit of 840?
8
What is the hundreds digit of 29053?
0
What is the hundreds digit of 6429?
4
What is the hundreds digit of 2582?
5
What is the tens digit of 126869?
6
What is the hundreds digit of 32310?
3
What is the tens digit of 2143?
4
What is the hundreds digit of 27776?
7
What is the thousands digit of 24163?
4
What is the thousands digit of 1977?
1
What is the tens digit of 6560?
6
What is the hundreds digit of 455?
4
What is the thousands digit of 2431?
2
What is the tens digit of 3200?
0
What is the units digit of 1004?
4
What is the tens digit of 10092?
9
What is the tens digit of 702?
0
What is the units digit of 40073?
3
What is the tens digit of 21288?
8
What is the units digit of 11201?
1
What is the hundreds digit of 20576?
5
What is the thousands digit of 3899?
3
What is the tens digit of 68?
6
What is the thousands digit of 41846?
1
What is the units digit of 1171?
1
What is the tens digit of 1119?
1
What is the ten thousands digit of 61914?
6
What is the ten thousands digit of 21877?
2
What is the hundreds digit of 6679?
6
What is the units digit of 325?
5
What is the units digit of 880?
0
What is the units digit of 1097?
7
What is the tens digit of 1604?
0
What is the thousands digit of 9737?
9
What is the tens digit of 1936?
3
What is the tens digit of 549?
4
What is the thousands digit of 5438?
5
What is the hundreds digit of 760?
7
What is the tens digit of 2725?
2
What is the units digit of 5970?
0
What is the units digit of 5253?
3
What is the tens digit of 311?
1
What is the thousands digit of 3712?
3
What is the hundreds digit of 19234?
2
What is the tens digit of 88?
8
What is the thousands digit of 3017?
3
What is the tens digit of 874?
7
What is the tens digit of 8263?
6
What is the tens digit of 1358?
5
What is the hundreds digit of 12947?
9
What is the tens digit of 91430?
3
What is the tens digit of 55002?
0
What is the units digit of 1811?
1
What is the ten thousands digit of 16785?
1
What is the hundreds digit of 3717?
7
What is the tens digit of 7718?
1
What is the tens digit of 45885?
8
What is the thousands digit of 75203?
5
What is the units digit of 9140?
0
What is the tens digit of 73298?
9
What is the thousands digit of 23215?
3
What is the hundreds digit of 77842?
8
What is the units digit of 298?
8
What is the thousands digit of 4461?
4
What is the units digit of 2334?
4
What is the thousands digit of 1790?
1
What is the tens digit of 64?
6
What is the thousands digit of 4473?
4
What is the thousands digit of 5670?
5
What is the hundreds digit of 121506?
5
What is the hundreds digit of 6655?
6
What is the hundreds digit of 99130?
1
What is the tens digit of 3125?
2
What is the hundreds digit of 3661?
6
What is the hundreds digit of 241?
2
What is the ten thousands digit of 16744?
1
What is the tens digit of 703?
0
What is the units digit of 1580?
0
What is the units digit of 7701?
1
What is the units digit of 1292?
2
What is the hundreds digit of 37555?
5
What is the hundreds digit of 1286?
2
What is the units digit of 69226?
6
What is the thousands digit of 6382?
6
What is the units digit of 904?
4
What is the hundreds digit of 564?
5
What is the tens digit of 28?
2
What is the tens digit of 692?
9
What is the tens digit of 70823?
2
What is the tens digit of 10002?
0
What is the ten thousands digit of 19843?
1
What is the tens digit of 138?
3
What is the hundreds digit of 240?
2
What is the ten thousands digit of 31045?
3
What is the units digit of 9371?
1
What is the units digit of 487?
7
What is the units digit of 6112?
2
What is the thousands digit of 10061?
0
What is the tens digit of 781?
8
What is the hundreds digit of 1686?
6
What is the hundreds digit of 3377?
3
What is the thousands digit of 5105?
5
What is the units digit of 682?
2
What is the hundreds digit of 22216?
2
What is the hundreds digit of 1180?
1
What is the units digit of 86797?
7
What is the tens digit of 1211?
1
What is the thousands digit of 1041?
1
What is the units digit of 33006?
6
What is the tens digit of 388?
8
What is the tens digit of 1027?
2
What is the units digit of 917?
7
What is the units digit of 17792?
2
What is the thousands digit of 2144?
2
What is the thousands digit of 58922?
8
What is the hundreds digit of 390?
3
What is the thousands digit of 5852?
5
What is the hundreds digit of 257?
2
What is the ten thousands digit of 11587?
1
What is the hundreds digit of 502?
5
What is the units digit of 3173?
3
What is the units digit of 103276?
6
What is the units digit of 2657?
7
What is the units digit of 24859?
9
What is the hundreds digit of 3250?
2
What is the ten thousands digit of 18603?
1
What is the thousands digit of 3561?
3
What is the hundreds digit of 8148?
1
What is the hundreds digit of 3853?
8
What is the tens digit of 4314?
1
What is the units digit of 1813?
3
What is the units digit of 109?
9
What is the tens digit of 29036?
3
What is the thousands digit of 11550?
1
What is the units digit of 52997?
7
What is the thousands digit of 26561?
6
What is the units digit of 2871?
1
What is the units digit of 56799?
9
What is the tens digit of 731?
3
What is the hundreds digit of 7252?
2
What is the tens digit of 83263?
6
What is the thousands digit of 3170?
3
What is the units digit of 1603?
3
What is the tens digit of 64999?
9
What is the thousands digit of 24948?
4
What is the hundreds digit of 12714?
7
What is the units digit of 164806?
6
What is the thousands digit of 8475?
8
What is the tens digit of 4359?
5
What is the thousands digit of 1197?
1
What is the tens digit of 16473?
7
What is the tens digit of 13613?
1
What is the ten thousands digit of 23115?
2
What is the tens digit of 26443?
4
What is the ten thousands digit of 50263?
5
What is the units digit of 3048?
8
What is the hundreds digit of 962?
9
What is the thousands digit of 43120?
3
What is the thousands digit of 76857?
6
What is the hundreds digit of 11889?
8
What is the tens digit of 14724?
2
What is the tens digit of 27338?
3
What is the hundreds digit of 18997?
9
What is the tens digit of 431?
3
What is the ten thousands digit of 30728?
3
What is the tens digit of 1033?
3
What is the units digit of 1585?
5
What is the hundreds digit of 4179?
1
What is the ten thousands digit of 94663?
9
What is the thousands digit of 38386?
8
What is the hundreds digit of 5291?
2
What is the units digit of 3818?
8
What is the tens digit of 24?
2
What is the tens digit of 4695?
9
What is the hundred thousands digit of 102011?
1
What is the units digit of 57